
13
Let u = -838 + 923. What is the greatest common divisor of 1615 and u?
85
Suppose 176 = h - f, -5*h + 3*f + 699 = -h. Calculate the highest common factor of h and 114.
57
Let g(a) = 5*a + 3*a + 26 - a**2 + 0 + 0. Let m be g(10). What is the greatest common factor of 12 and m?
6
Let m be (-798)/(-25) - (-24)/300. Calculate the greatest common divisor of 96 and m.
32
Let l(j) = 9*j + 57. Let h be l(-6). Calculate the greatest common divisor of h and 11.
1
Let t(r) = -r + 17. Let y be t(7). Let x be ((-5)/y)/((-1)/4). Let f be (3/(-3))/(2 - 3). What is the highest common factor of x and f?
1
Suppose 0 = 5*c - 2053 - 22. Suppose c = -4*p - p. Let l = p - -129. Calculate the highest common divisor of 69 and l.
23
Let t be 2/11 - 8/(-44)*197. What is the greatest common divisor of 288 and t?
36
Suppose -3*w + 3*q = -1590, -5*q - 2122 = -20*w + 16*w. What is the highest common divisor of w and 198?
66
Let d be -2*-1*(0 - -22). Let f = -190 - -167. Let g = f + d. What is the highest common factor of g and 42?
21
Let o(f) = -f**3 + 9*f**2 - f + 12. Let i be o(9). Let h be (-6 - (-24)/3)/2. What is the highest common divisor of h and i?
1
Suppose 0 = 5*u - 3*p - 129, 2*u - 63 = -u - 3*p. Suppose -130 - u = -l. Let j = 63 + -41. What is the highest common divisor of l and j?
22
Let f be 2 + 1975/4 - (-9)/(-12). What is the greatest common divisor of 55 and f?
55
Suppose -4*s + 5*d = -9*s + 20, 0 = -2*s - 3*d + 9. Suppose -5 = 6*x + 19. Let w be 3 - ((3 - 6)/1 - x). What is the greatest common factor of w and s?
1
Let q = -2 + 4. Suppose -2*w + f + q = 0, 5*w - 1 = f + 7. Suppose 3*c + 0*c + 7 = -w*s, 3*s = 2*c + 9. What is the greatest common divisor of s and 7?
1
Let x = 198 + -197. Let f(y) = y**3 - 3*y**2 + 3*y + 2. Let v be f(3). Let h = x + v. Calculate the highest common factor of 132 and h.
12
Let b(q) = q**3 + 10*q**2 - 7*q - 9. Let i be b(-11). Let n = 62 + i. Let o be ((-81)/(-2))/(1/2). Calculate the greatest common divisor of n and o.
9
Suppose 5*b = 4*n - 364, 3*n + b + 76 - 349 = 0. Calculate the greatest common divisor of 364 and n.
91
Let l be (24/(-9))/(1/(-6)). Calculate the greatest common divisor of l and 80.
16
Let l(t) = -5*t**2 + 4*t**3 + 1 + 13*t - 5*t**3 - 18*t. Let y = 2 - 6. Let a be l(y). Calculate the greatest common divisor of a and 25.
5
Suppose 531 - 179 = 4*h. Suppose 4*w - 5*n + h = 2, 5*w - 5*n = -110. Let j = 0 - w. Calculate the highest common factor of 3 and j.
3
Let c = -11 - -13. Let z(d) = d**2 + d**2 - 2*d + 0*d**2 + d**c. Let r be z(-2). What is the greatest common divisor of 80 and r?
16
Let q(r) = -r**3 - 36*r**2 + 112*r - 11. Let v be q(-39). Calculate the greatest common divisor of 69 and v.
23
Suppose 0 = -k + 3 + 4. Suppose 11 = 6*b - k. Let i be -3*(1 + -2 - 0). What is the greatest common factor of i and b?
3
Let y(j) = -j + 2. Let k be y(-2). Suppose k*a - 40 = -a. What is the highest common factor of a and 48?
8
Let j = 35 + -15. Let m be (9 - (1 - -1))*(-60)/(-7). Calculate the greatest common divisor of m and j.
20
Let s be (-8)/(-6)*-13*792/(-176). Let n = 22 - 16. What is the greatest common factor of s and n?
6
Suppose -p + 4 - 2 = 0. Let j(h) = 7*h**3 - 2*h**2 + 1. Let q be j(1). Suppose 2*k = p + q. Calculate the highest common divisor of 4 and k.
4
Let x(p) = -95*p**3 + p**2 + 16*p + 16. Let d be x(-1). Calculate the highest common divisor of 256 and d.
32
Suppose 4*a - 22 = -5*r + 347, -2*r + 158 = -a. Let b = r - 49. What is the greatest common divisor of 70 and b?
14
Suppose -13*v + 348 = 4*j - 9*v, 5*v - 183 = -2*j. Calculate the greatest common divisor of 48 and j.
12
Let x = -28 + 28. Let o(d) = 64 - 5*d**3 + 2*d**3 + d + 2*d**3. Let s be o(x). Calculate the highest common divisor of s and 8.
8
Let l be 4/16 - (-4)/(-16). Let p = 261 + -91. Suppose -p = -y - l*y. What is the highest common factor of 68 and y?
34
Let t = 118 - 198. Let c be -4 - -1 - (t + 6/3). Let i = -23 + 53. What is the highest common factor of c and i?
15
Let j be 11/22 - 55/(-2). Let f(c) = -c**3 + 7*c**2 + 4*c. Let d be f(7). Calculate the greatest common factor of d and j.
28
Suppose 3*r - 18 = r. Let m = 11 - r. Suppose u + 2*n = -2*u + 28, -m*n = -3*u + 8. What is the greatest common factor of u and 18?
6
Let l(b) = -b**3 + 6*b**2 + 5*b - 1. Let c = -42 - -48. Let s be l(c). Calculate the greatest common divisor of 29 and s.
29
Let l be -2 + 9 + -2 - -1. What is the highest common divisor of l and 6?
6
Let o be ((-189)/(-45) + -1)*25/2. Let r be (-242)/(-12) + 1/(-6). Calculate the highest common factor of r and o.
20
Let k(p) = -6*p - 29. Let q be k(-8). What is the greatest common factor of q and 76?
19
Let f(u) = 47*u - 5. Let v(s) = s. Let m(a) = -f(a) - 4*v(a). Let i be m(-4). Let g be 4/(-14) + 270/14. Calculate the greatest common factor of i and g.
19
Suppose 0 = 3*c + 43 - 61. Calculate the greatest common factor of c and 606.
6
Let z(i) = -i. Let q(j) = 4*j + 8*j - 2 + 13 - 11*j. Let w(f) = q(f) + 2*z(f). Let s be w(-9). Calculate the highest common factor of 220 and s.
20
Suppose -4 + 0 = 2*s. Let a be (54/21)/(s/28). Let m be 8/a - (-6340)/18. What is the greatest common divisor of 32 and m?
32
Let v be (-5)/10 - (-4)/(16/554). What is the greatest common factor of 6 and v?
6
Let l be (60/25 + -3)*-15. Calculate the greatest common factor of 441 and l.
9
Let b = 409 + -244. Let c = -4 - -19. Calculate the greatest common factor of b and c.
15
Let y = 2 - 1. Let k(n) = 6*n - 1. Let l be k(y). Suppose 0 = -2*w + 5*m + 40, -29 = -5*w + 4*w - 2*m. What is the highest common divisor of w and l?
5
Let j = -14 + 19. Suppose 2*l + 0*g + 5*g = -8, -50 = -j*l + 5*g. Calculate the highest common divisor of l and 24.
6
Suppose c + 125 = 3*a, -a - 5*c = -3*a + 79. Suppose -3*b + 152 = -163. Calculate the greatest common factor of b and a.
21
Suppose 0 = 3*j + k - 112, -5*j - 3*k + 182 = k. Calculate the greatest common divisor of 646 and j.
38
Let g(i) = 11*i. Let u be g(1). Let f(v) be the first derivative of 7*v**3 + v**2 + 5. Let b be f(2). What is the highest common divisor of u and b?
11
Let z(r) = 61*r - 454. Let p be z(8). Calculate the highest common divisor of p and 12.
2
Let a = 15 + -23. Let k(t) = t**2 + 2*t - 1. Let n be k(a). Suppose 5*s = 23 + n. Calculate the highest common divisor of 154 and s.
14
Let s = -139 + 237. Let g be 4*(12/4 - -1). Suppose -g = 4*y - 72. Calculate the highest common factor of y and s.
14
Let c be 1*8*(5 - 0 - 6). Let t(v) = v**3 + 6*v**2 - 15*v + 12. Let h be t(c). What is the greatest common divisor of h and 36?
4
Suppose g + 269 = 517. What is the greatest common factor of g and 155?
31
Let a = -13 + 23. Let q be (54/(-4))/((-3)/(-6)). Let z = q - -57. Calculate the highest common divisor of z and a.
10
Let a be 5/(15/(-9)) + 23. Suppose 5*v - s - 2 = 14, -3*s = 2*v - a. Let j be 1/(3*v/60). What is the highest common divisor of 35 and j?
5
Let y be 25 + (2 - -3) + -6 + -7. Suppose -h + 3 = 0, -2*p - 2*h = -357 - 23. What is the highest common factor of p and y?
17
Suppose -9*u = 7*u - 3200. What is the highest common divisor of u and 25?
25
Let p(r) be the third derivative of -2/3*r**3 + 5*r**2 + 0*r + 0 - 1/6*r**4. Let h be p(-6). Calculate the greatest common factor of h and 160.
20
Suppose 434 = -8*l + 9*l + 2*p, 2*l - 871 = -3*p. Calculate the greatest common factor of 100 and l.
20
Let r(a) = 2 + a**2 - 2*a + 4 + 0*a**2. Let q be r(5). Calculate the highest common divisor of q and 14.
7
Let p = 807 - 806. What is the greatest common factor of 9 and p?
1
Let j = 493 + -208. Calculate the highest common divisor of j and 60.
15
Suppose 1360 = 2*o + 8*o. Suppose 25 = -b - 5*w, 3*b + 5*w - 45 = 4*b. Let v = 52 + b. Calculate the greatest common divisor of o and v.
17
Let p = -1379 - -1532. What is the highest common divisor of 99 and p?
9
Let u(g) = -g**3 - 4*g**2 - 5*g - 3. Let t be u(-3). Suppose 0 = -t*y - 163 - 74. Let v = y + 183. What is the highest common divisor of v and 13?
13
Suppose -a - a = -140. What is the greatest common factor of 630 and a?
70
Suppose 4 = -4*p, -16 = -4*f - 3*p + 41. Let y = -52 - -112. Let o = y + f. What is the highest common factor of 30 and o?
15
Let p(a) = a**3 - 15*a**2 + 3*a - 10. Let l be p(15). Let c be 3/2*(-80)/(-24)